-6). Let f be 5/((-5)/a) + 3. Let z = f + -16. What is the units digit of z?
3
Let p(j) = 2*j + 6. Let f be p(-9). Let w = 6 - f. What is the tens digit of w?
1
What is the units digit of 26/4 - (-3)/6?
7
Suppose 2*s - 4 = 6. What is the units digit of s?
5
Let p(i) = i**3 - 5*i**2 - 2*i - 3. Let x be p(5). Let g = 27 + x. What is the units digit of g?
4
Let d = -5 + 5. What is the units digit of d + (12 - (2 - 0))?
0
Suppose 6*k - 2*f = 2*k - 288, 0 = -5*k - 3*f - 338. Let i = 101 + k. What is the units digit of i?
1
Suppose -4*m + g - 14 + 2 = 0, 3*m - 5*g + 26 = 0. Let o = m - -9. What is the units digit of o?
7
Let h(u) be the first derivative of u**4/4 + 2*u**3 + 3*u**2/2 - 5*u + 1. Suppose -5*t - 15 = 10. What is the units digit of h(t)?
5
Suppose 0 = 5*l - 4*l - j, -l + 3*j = -2. Let o = l - 0. Let k(h) = -6*h**3 + h**2 + h + 1. What is the units digit of k(o)?
7
Suppose 4*a - 118 = -2*y, 3*a - 17 = 3*y + 94. What is the units digit of a?
2
Suppose 3*j = 5*j - 6. Suppose 2*x = 4*n - j*n - 13, 3*n - 4*x - 37 = 0. What is the units digit of n?
1
Suppose -z + 6*z = -p - 16, p + 12 = -4*z. Let c be (2/(-2))/(-2)*p. Suppose 0*x - x - c*j + 3 = 0, 4*x = 4*j + 12. What is the units digit of x?
3
Let q(m) = -3*m**3 + 2*m**2 - m - 2. What is the units digit of q(-1)?
4
Let s(v) = 13*v**3 + 7*v**2 + 9*v - 7. Let w(n) = -6*n**3 - 3*n**2 - 4*n + 3. Let q(f) = -4*s(f) - 9*w(f). What is the tens digit of q(2)?
1
Let z = -1 + 3. Suppose z*x = 3*x + 30. What is the units digit of x/(-4)*(-8)/(-12)?
5
Let w(h) = -h**2 + 5*h - 2. Let k be w(2). Let g be (3 - 2)/(2/6). Let m = g + k. What is the units digit of m?
7
Let d = -52 - -100. Suppose 3*k + 3*t - d = 4*t, -k - 2*t + 9 = 0. What is the tens digit of k?
1
Let k(m) = -m - 4. Let n be k(-6). Suppose -2*p + 36 = n*p. What is the units digit of p?
9
Suppose 0 = -3*x + m + 185 + 1, 3*x - 189 = 2*m. What is the tens digit of x?
6
Let n = -427 + 605. What is the units digit of n?
8
Let x(c) = -55*c**3 - 2*c**2 + 1. What is the units digit of x(-1)?
4
Let v = 60 - 17. What is the tens digit of v?
4
Suppose -5*k = -5*b - 30, -3*k + 7 = -k - b. Suppose 5*p - k + 6 = 0. Let z = p + 5. What is the units digit of z?
4
Let b(t) = t**3 - t**2 - t + 2. Let p be b(4). Suppose c - 4*z - 2 - p = 0, -c + z + 33 = 0. Let d = -7 + c. What is the tens digit of d?
2
Let f(d) = 16*d**2 - 1. Let g be f(1). Suppose 4*l - l = g. Let z = 13 + l. What is the tens digit of z?
1
Let k be (6 + -4)/((-2)/(-12)). Let d be k/5 + (-3)/(-5). Suppose -22 = -2*h - u + 2*u, -d*h = 3*u - 42. What is the tens digit of h?
1
Let x(a) = a**2 - 9*a + 3. Let j be x(10). Suppose -3*g + 71 + 40 = 4*s, 0 = 5*s - 4*g - 100. Let l = s - j. What is the units digit of l?
1
Suppose -2*y = -3*y + 1. What is the units digit of 2 + (y - (-6 + 3))?
6
Suppose -4*k - 68 = -0*k. Let f = k - -29. What is the tens digit of f?
1
Let s be 2/(-9) + 1030/18. Suppose 2*g - 21 = -3*u, 0*g - 4*g = u - s. Let d = g - 11. What is the units digit of d?
4
Suppose -t = 3*q + t - 183, -3*t + 127 = 2*q. What is the units digit of q?
9
Suppose k - 77 = -26. What is the units digit of k?
1
Let k = 5 - 30. What is the units digit of 10/k - 82/(-5)?
6
Suppose -3 = l, -4*l + 3*l + 7 = 5*x. Suppose -x*k = 5*d + k - 28, 1 = d - 4*k. What is the units digit of d?
5
Let k(y) = -y**3 + y + 5. Let m be k(0). Suppose 2*u + 2*u = 4*d - 32, -m*u = -3*d + 28. Let a = d + 2. What is the units digit of a?
8
Suppose 7*f = 11*f - 104. What is the units digit of f?
6
Suppose -l + 2*l - 7 = -s, 0 = 3*s. Let o = l - 2. What is the units digit of o?
5
Suppose 2*p = -3*p - 15. Suppose 0 = -3*o + 18 - 48. What is the units digit of 2/p + o/(-6)?
1
Suppose 9*q = -4*q + 2119. What is the units digit of q?
3
Let q be 10/(-15) + 28/6. What is the tens digit of ((-230)/15)/(q/(-6))?
2
Let w = 4 + -4. Suppose -2*m = -2*q - w - 6, -q = 3*m - 1. What is the units digit of (4/(-3) + q)*-3?
0
Suppose 0*m + 2*m - 28 = 0. Let w = m + -24. What is the units digit of (-3)/((-3)/(-1 - w))?
9
Let g be -2 + 1 + 1 + -2. What is the units digit of 0 - g*6/4?
3
Suppose -2*a + 459 = 5*b, -4*a - 3*b + 0*b = -883. What is the units digit of a?
7
Let m be 0/3 + (-15)/(-3). Suppose b + 5*q - 10 = 0, -b - m*q = -3*b + 5. What is the units digit of b?
5
Suppose -27 + 112 = 5*c - 5*x, 3*c - 36 = -2*x. Suppose 61 + c = 5*v. What is the units digit of v?
5
Let k(u) = -u - 3. Let l be k(-8). Let r = l + 3. What is the units digit of 0 + r/6*3?
4
Suppose -5*l - 3 + 13 = 0. Suppose -80 = -l*i - 3*i. What is the units digit of i?
6
Let t be 15/(-3)*(5 - -1). Let g = t - -43. Let d = g - 2. What is the tens digit of d?
1
Let f = 3 - 6. Let w be (f - -5)/((-1)/(-20)). Suppose w - 115 = -5*k. What is the units digit of k?
5
Suppose 2*l = -26 + 10. Let v(f) = -f**3 - 7*f**2 + 5*f - 11. What is the tens digit of v(l)?
1
Let b be (-6)/(-2)*6/9. Let i be 19/b*(9 + -5). Suppose -3*n - 4*u + 33 = -u, -3*n = 4*u - i. What is the units digit of n?
6
Suppose 1 + 3 = 2*y. Suppose y*h + 0*h = 12. What is the units digit of h?
6
Suppose -3*j + 2*u - 6 = -6*j, 14 = 2*j - 2*u. Let k = 27 - 6. Suppose j*o - k = o. What is the units digit of o?
7
Let o(l) = l**2 + 8*l + 3. Let k be o(-6). Let s = 5 - k. What is the units digit of s?
4
Let s(l) = l**3 - 4*l**2 - 2*l - 1. Let b be s(5). What is the units digit of (-6)/b + 198/21?
9
Let s(d) = d - 41. Let f be s(0). Let m = -9 - f. What is the units digit of m?
2
Let m(i) = i**3 - 10*i**2 + 8*i + 7. What is the units digit of m(10)?
7
Let d(r) = -r**2 + 5*r - 4. Let y be d(3). Suppose v = -y, -5*v = -2*b + 19 - 1. What is the units digit of (b - 8)*5/(-2)?
0
Suppose -3*z - 3*l + 12 = 0, -2 = -4*z + 3*l + 14. What is the units digit of z?
4
Let k(h) = h**3 - 22*h**2 + 9*h - 9. What is the units digit of k(22)?
9
Suppose -6*p = -9*p. Suppose r - 12 - 22 = p. What is the tens digit of r?
3
Let v = 6 + -1. Suppose 0 = 6*x - x - v. Let z = 7 - x. What is the units digit of z?
6
Let h(k) be the second derivative of -k**4/12 + 2*k**3/3 + k**2 - k. Let b be h(3). Let g = -3 + b. What is the units digit of g?
2
Let a(n) = -n + 9. Let p be a(6). Suppose -j = -1 + 3. What is the units digit of j/(-2 + p + -3)?
1
What is the tens digit of 162/(-36)*(-56)/6?
4
Let c = 539 - 237. What is the units digit of c?
2
Suppose 2*n + 3*n = 0. Suppose k + 9 + n = 0. Let c(r) = -r**2 - 9*r + 4. What is the units digit of c(k)?
4
Let i(v) = -v**3 + v**2 - v - 1. Let c be i(-1). Let z = 0 + c. What is the units digit of z?
2
Let u(s) = -3*s**3 + 13*s**2 + 7*s - 13. Let a(n) = 2*n**3 - 6*n**2 - 3*n + 6. Let r(k) = 5*a(k) + 3*u(k). What is the units digit of r(-8)?
7
Let k(p) = -p**2 - 3*p + 2. Let x = 9 - 13. Let g be k(x). What is the units digit of (-1 + 3)/((-1)/g)?
4
Let n(w) = w**3 + 13*w**2 - 4*w - 17. What is the tens digit of n(-13)?
3
Suppose -13 = -4*c - 1. Suppose -2*o + 5*o + 4*j - 32 = 0, -j = -c*o + 7. What is the units digit of o?
4
Suppose -r = -2*m + 26, 70 = 5*m - 6*r + r. Let y be m/10*(-100)/(-15). What is the units digit of (-6)/y + (-126)/(-8)?
5
Suppose l - 10 = -5. What is the units digit of l?
5
Let d = 2 - -3. What is the units digit of d?
5
Let b(t) = -26*t - 1. Let g be b(-1). Suppose y = -4*y + g. What is the units digit of y?
5
Let t(q) = 3*q - 5*q - 2*q**2 - q**2 + 4*q**2 + 3. Let h be t(2). Suppose 2*l - f = 35, f - 55 = -h*l - l. What is the units digit of l?
5
Let q be (39/(-9) - -2)*-3. What is the units digit of (-19)/(-7) - (-2)/q?
3
Let o = 16 + -10. Suppose 0 = 2*v + b - 28 + 7, v = 4*b + o. What is the units digit of v?
0
Let j = 29 - 40. Let i = 15 + j. What is the units digit of (4/2)/(i/2)?
1
Suppose -3*w = 1 - 4. What is the units digit of w?
1
Let v be 3/3*-3 - -10. Suppose -v*t - 70 = -2*t. What is the units digit of t/(2/(-1)) - -1?
8
Suppose n = 3*n - 10. Suppose 4*y - 7 = v + 2, -n = -5*y. Let c = v + 11. What is the units digit of c?
6
Suppose 3*z + 0*z = a + 13, 0 = 5*z - 25. Suppose -a*t = t - 30. What is the units digit of 1/2*t*1?
5
Let c(j) = j. Let w(t) = -5*t + 21. Let b(q) = 4*c(q) + w(q). What is the tens digit of b(11)?
1
Let c = -7 - -9. Let z(i) = 2*i**3 + i**2 + 2*i - 3. What is the tens digit of z(c)?
2
Suppose -7 = 2*o - 1. Let t be (-1 + 5)*o - 0. Let a = t - -21.